{"id":30,"date":"2025-09-11T01:43:43","date_gmt":"2025-09-11T01:43:43","guid":{"rendered":"http:\/\/ewjirds.cluster100.hosting.ovh.net\/?page_id=30"},"modified":"2025-09-14T00:35:27","modified_gmt":"2025-09-14T00:35:27","slug":"calendrier-et-candidatures","status":"publish","type":"page","link":"http:\/\/ewjirds.cluster100.hosting.ovh.net\/index.php\/calendrier-et-candidatures\/","title":{"rendered":"Calendrier et candidatures"},"content":{"rendered":"\n<p><strong><mark style=\"background-color:rgba(0, 0, 0, 0);color:#009986\" class=\"has-inline-color\">Modalit\u00e9s de participation<\/mark><\/strong><\/p>\n\n\n\n<p>Le concours est ouvert aux \u00e9l\u00e8ves de coll\u00e8ge et lyc\u00e9e (fili\u00e8res g\u00e9n\u00e9rales, techniques, professionnelles ou agricoles), de toutes les acad\u00e9mies de France m\u00e9tropolitaine et des territoires d\u2019outre-mer, ainsi qu\u2019aux \u00e9l\u00e8ves d\u2019instituts sp\u00e9cialis\u00e9s \u00e0 des niveaux similaires.<\/p>\n\n\n\n<p>Pour une \u00e9quit\u00e9 entre toutes les classes participantes et afin de faciliter le traitement des dossiers par le jury du concours, <strong>merci de respecter les consignes suivantes<\/strong> :<br>\u25aa <strong>Un seul projet par classe ou groupe d\u2019\u00e9l\u00e8ves participant <\/strong>(si vos \u00e9l\u00e8ves sont nombreux, n\u2019h\u00e9sitez pas \u00e0 diviser votre classe en groupes de travail, il faudra donc inscrire plusieurs groupes)<br>\u25aa Le jury sera particuli\u00e8rement attentif \u00e0 l\u2019\u00e9crit : <strong>les projets doivent \u00eatre r\u00e9dig\u00e9s par les \u00e9l\u00e8ves,<\/strong> avec leurs mots, leurs ressentis, leur vision !<br>\u25aa <strong>Indiquez la cat\u00e9gorie de candidature<\/strong> selon le niveau des \u00e9l\u00e8ves ou selon le projet pr\u00e9sent\u00e9 lors de votre inscription<\/p>\n\n\n\n<details class=\"wp-block-details is-layout-flow wp-block-details-is-layout-flow\"><summary><strong>R\u00e8glement du concours 2025-2026<\/strong><\/summary>\n<div data-wp-interactive=\"core\/file\" class=\"wp-block-file\"><object data-wp-bind--hidden=\"!state.hasPdfPreview\" hidden class=\"wp-block-file__embed\" data=\"http:\/\/ewjirds.cluster100.hosting.ovh.net\/wp-content\/uploads\/2025\/09\/REGLEMENT_ID.PATRIMOINE_2025-2026.pdf\" type=\"application\/pdf\" style=\"width:100%;height:600px\" aria-label=\"Contenu embarqu\u00e9 REGLEMENT_ID.PATRIMOINE_2025-2026.\"><\/object><a id=\"wp-block-file--media-4c9b53b4-823c-4374-8ce0-2989a0a078be\" href=\"http:\/\/ewjirds.cluster100.hosting.ovh.net\/wp-content\/uploads\/2025\/09\/REGLEMENT_ID.PATRIMOINE_2025-2026.pdf\">REGLEMENT_ID.PATRIMOINE_2025-2026<\/a><a href=\"http:\/\/ewjirds.cluster100.hosting.ovh.net\/wp-content\/uploads\/2025\/09\/REGLEMENT_ID.PATRIMOINE_2025-2026.pdf\" class=\"wp-block-file__button wp-element-button\" download aria-describedby=\"wp-block-file--media-4c9b53b4-823c-4374-8ce0-2989a0a078be\">T\u00e9l\u00e9charger<\/a><\/div>\n<\/details>\n\n\n\n<p><strong><mark style=\"background-color:rgba(0, 0, 0, 0);color:#009986\" class=\"has-inline-color\">Calendrier et d\u00e9p\u00f4ts des candidatures<\/mark><\/strong><\/p>\n\n\n\n<p><mark style=\"background-color:rgba(0, 0, 0, 0);color:#5dbdc1\" class=\"has-inline-color\"><strong>15 septembre &#8211; ouverture des inscriptions<\/strong><br><\/mark><strong>S\u2019inscrire sur le site Adage <\/strong>(ou remplir et renvoyer le bulletin d\u2019inscription pour les \u00e9tablissements fran\u00e7ais \u00e0 l\u2019\u00e9tranger \u00e0 concours@id-patrimoine.fr)<\/p>\n\n\n\n<details class=\"wp-block-details is-layout-flow wp-block-details-is-layout-flow\"><summary><strong>Bulletin d&rsquo;inscription \u00e0 t\u00e9l\u00e9charger<\/strong> (si vous ne pouvez pas vous inscrire sur Adage)<\/summary>\n<div data-wp-interactive=\"core\/file\" class=\"wp-block-file\"><object data-wp-bind--hidden=\"!state.hasPdfPreview\" hidden class=\"wp-block-file__embed\" data=\"http:\/\/ewjirds.cluster100.hosting.ovh.net\/wp-content\/uploads\/2025\/09\/ID-Patrimoine_BULLETIN-DINSCRIPTION-2025-2026.pdf\" type=\"application\/pdf\" style=\"width:100%;height:600px\" aria-label=\"Contenu embarqu\u00e9 ID Patrimoine_BULLETIN D&apos;INSCRIPTION 2025-2026.\"><\/object><a id=\"wp-block-file--media-329088e0-fb95-4e81-b285-b0416e2ea783\" href=\"http:\/\/ewjirds.cluster100.hosting.ovh.net\/wp-content\/uploads\/2025\/09\/ID-Patrimoine_BULLETIN-DINSCRIPTION-2025-2026.pdf\">ID Patrimoine_BULLETIN D&rsquo;INSCRIPTION 2025-2026<\/a><a href=\"http:\/\/ewjirds.cluster100.hosting.ovh.net\/wp-content\/uploads\/2025\/09\/ID-Patrimoine_BULLETIN-DINSCRIPTION-2025-2026.pdf\" class=\"wp-block-file__button wp-element-button\" download aria-describedby=\"wp-block-file--media-329088e0-fb95-4e81-b285-b0416e2ea783\">T\u00e9l\u00e9charger<\/a><\/div>\n<\/details>\n\n\n\n<p><mark style=\"background-color:rgba(0, 0, 0, 0);color:#5dbdc1\" class=\"has-inline-color\"><strong>30 avril \u2013 date limite d\u2019envoi des projets<\/strong><br><\/mark><strong>Remplir et renvoyer le projet ET la fiche de renseignements<\/strong> \u00e0 concours@id-patrimoine.fr<br>Les indications que vous mentionnez dans la fiche de renseignements nous permettent de mieux comprendre vos motivations, le contexte de travail, les difficult\u00e9s rencontr\u00e9es, etc.<\/p>\n\n\n\n<details class=\"wp-block-details is-layout-flow wp-block-details-is-layout-flow\"><summary><strong>Fiche de Renseignement \u00e0 joindre IMP\u00c9RATIVEMENT <\/strong>avec votre projet<\/summary>\n<div data-wp-interactive=\"core\/file\" class=\"wp-block-file\"><object data-wp-bind--hidden=\"!state.hasPdfPreview\" hidden class=\"wp-block-file__embed\" data=\"http:\/\/ewjirds.cluster100.hosting.ovh.net\/wp-content\/uploads\/2025\/09\/ID-Patrimoine_FICHE-DE-RENSEIGNEMENTS-2025-2026.pdf\" type=\"application\/pdf\" style=\"width:100%;height:600px\" aria-label=\"Contenu embarqu\u00e9 ID Patrimoine_FICHE DE RENSEIGNEMENTS 2025-2026.\"><\/object><a id=\"wp-block-file--media-5f4f812c-0179-46f1-8549-c44acae8cf2b\" href=\"http:\/\/ewjirds.cluster100.hosting.ovh.net\/wp-content\/uploads\/2025\/09\/ID-Patrimoine_FICHE-DE-RENSEIGNEMENTS-2025-2026.pdf\">ID Patrimoine_FICHE DE RENSEIGNEMENTS 2025-2026<\/a><a href=\"http:\/\/ewjirds.cluster100.hosting.ovh.net\/wp-content\/uploads\/2025\/09\/ID-Patrimoine_FICHE-DE-RENSEIGNEMENTS-2025-2026.pdf\" class=\"wp-block-file__button wp-element-button\" download aria-describedby=\"wp-block-file--media-5f4f812c-0179-46f1-8549-c44acae8cf2b\">T\u00e9l\u00e9charger<\/a><\/div>\n<\/details>\n\n\n\n<p><mark style=\"background-color:rgba(0, 0, 0, 0);color:#5dbdc1\" class=\"has-inline-color\"><strong>Mai \/ Juin \u2013D\u00e9lib\u00e9ration du jury<\/strong><br><\/mark><strong>Un membre de la F\u00e9d\u00e9ration Patrimoine Environnement ou de l\u2019Union REMPART vous informe de votre Prix.<\/strong> Vous convenez ensemble d\u2019une date de remise de prix selon les disponibilit\u00e9s de l\u2019\u00e9quipe enseignante, des \u00e9l\u00e8ves et des repr\u00e9sentants du concours.<\/p>\n\n\n\n<p><mark style=\"background-color:rgba(0, 0, 0, 0);color:#5dbdc1\" class=\"has-inline-color\"><strong>Juin \/ Juillet \u2013 Remises des prix<\/strong><br><\/mark><strong>L\u2019\u00e9tablissement organise la remise de prix <\/strong>en pr\u00e9sence des partenaires ayant particip\u00e9 au projet avec les repr\u00e9sentants nationaux et locaux des organisateurs ainsi que des \u00e9lus locaux et de la presse locale.<\/p>\n\n\n\n<p><\/p>\n","protected":false},"excerpt":{"rendered":"<p>Modalit\u00e9s de participation Le concours est ouvert aux \u00e9l\u00e8ves de coll\u00e8ge et lyc\u00e9e (fili\u00e8res g\u00e9n\u00e9rales, techniques, professionnelles ou agricoles), de toutes les acad\u00e9mies de France m\u00e9tropolitaine et des territoires d\u2019outre-mer,&hellip;<\/p>\n","protected":false},"author":1,"featured_media":0,"parent":0,"menu_order":0,"comment_status":"closed","ping_status":"closed","template":"","meta":{"footnotes":""},"class_list":["post-30","page","type-page","status-publish","hentry"],"_links":{"self":[{"href":"http:\/\/ewjirds.cluster100.hosting.ovh.net\/index.php\/wp-json\/wp\/v2\/pages\/30","targetHints":{"allow":["GET"]}}],"collection":[{"href":"http:\/\/ewjirds.cluster100.hosting.ovh.net\/index.php\/wp-json\/wp\/v2\/pages"}],"about":[{"href":"http:\/\/ewjirds.cluster100.hosting.ovh.net\/index.php\/wp-json\/wp\/v2\/types\/page"}],"author":[{"embeddable":true,"href":"http:\/\/ewjirds.cluster100.hosting.ovh.net\/index.php\/wp-json\/wp\/v2\/users\/1"}],"replies":[{"embeddable":true,"href":"http:\/\/ewjirds.cluster100.hosting.ovh.net\/index.php\/wp-json\/wp\/v2\/comments?post=30"}],"version-history":[{"count":6,"href":"http:\/\/ewjirds.cluster100.hosting.ovh.net\/index.php\/wp-json\/wp\/v2\/pages\/30\/revisions"}],"predecessor-version":[{"id":170,"href":"http:\/\/ewjirds.cluster100.hosting.ovh.net\/index.php\/wp-json\/wp\/v2\/pages\/30\/revisions\/170"}],"wp:attachment":[{"href":"http:\/\/ewjirds.cluster100.hosting.ovh.net\/index.php\/wp-json\/wp\/v2\/media?parent=30"}],"curies":[{"name":"wp","href":"https:\/\/api.w.org\/{rel}","templated":true}]}}

<p><strong><mark style="background-color:rgba(0, 0, 0, 0);color:#009986" class="has-inline-color">Modalités de participation</mark></strong></p>



<p>Le concours est ouvert aux élèves de collège et lycée (filières générales, techniques, professionnelles ou agricoles), de toutes les académies de France métropolitaine et des territoires d’outre-mer, ainsi qu’aux élèves d’instituts spécialisés à des niveaux similaires.</p>



<p>Pour une équité entre toutes les classes participantes et afin de faciliter le traitement des dossiers par le jury du concours, <strong>merci de respecter les consignes suivantes</strong> :<br>▪ <strong>Un seul projet par classe ou groupe d’élèves participant </strong>(si vos élèves sont nombreux, n’hésitez pas à diviser votre classe en groupes de travail, il faudra donc inscrire plusieurs groupes)<br>▪ Le jury sera particulièrement attentif à l’écrit : <strong>les projets doivent être rédigés par les élèves,</strong> avec leurs mots, leurs ressentis, leur vision !<br>▪ <strong>Indiquez la catégorie de candidature</strong> selon le niveau des élèves ou selon le projet présenté lors de votre inscription</p>



<details class="wp-block-details is-layout-flow wp-block-details-is-layout-flow"><summary><strong>Règlement du concours 2025-2026</strong></summary>
<div data-wp-interactive="core/file" class="wp-block-file"><object data-wp-bind--hidden="!state.hasPdfPreview" hidden class="wp-block-file__embed" data="http://ewjirds.cluster100.hosting.ovh.net/wp-content/uploads/2025/09/REGLEMENT_ID.PATRIMOINE_2025-2026.pdf" type="application/pdf" style="width:100%;height:600px" aria-label="Contenu embarqué REGLEMENT_ID.PATRIMOINE_2025-2026."></object><a id="wp-block-file--media-4c9b53b4-823c-4374-8ce0-2989a0a078be" href="http://ewjirds.cluster100.hosting.ovh.net/wp-content/uploads/2025/09/REGLEMENT_ID.PATRIMOINE_2025-2026.pdf">REGLEMENT_ID.PATRIMOINE_2025-2026</a><a href="http://ewjirds.cluster100.hosting.ovh.net/wp-content/uploads/2025/09/REGLEMENT_ID.PATRIMOINE_2025-2026.pdf" class="wp-block-file__button wp-element-button" download aria-describedby="wp-block-file--media-4c9b53b4-823c-4374-8ce0-2989a0a078be">Télécharger</a></div>
</details>



<p><strong><mark style="background-color:rgba(0, 0, 0, 0);color:#009986" class="has-inline-color">Calendrier et dépôts des candidatures</mark></strong></p>



<p><mark style="background-color:rgba(0, 0, 0, 0);color:#5dbdc1" class="has-inline-color"><strong>15 septembre &#8211; ouverture des inscriptions</strong><br></mark><strong>S’inscrire sur le site Adage </strong>(ou remplir et renvoyer le bulletin d’inscription pour les établissements français à l’étranger à concours@id-patrimoine.fr)</p>



<details class="wp-block-details is-layout-flow wp-block-details-is-layout-flow"><summary><strong>Bulletin d&rsquo;inscription à télécharger</strong> (si vous ne pouvez pas vous inscrire sur Adage)</summary>
<div data-wp-interactive="core/file" class="wp-block-file"><object data-wp-bind--hidden="!state.hasPdfPreview" hidden class="wp-block-file__embed" data="http://ewjirds.cluster100.hosting.ovh.net/wp-content/uploads/2025/09/ID-Patrimoine_BULLETIN-DINSCRIPTION-2025-2026.pdf" type="application/pdf" style="width:100%;height:600px" aria-label="Contenu embarqué ID Patrimoine_BULLETIN D&apos;INSCRIPTION 2025-2026."></object><a id="wp-block-file--media-329088e0-fb95-4e81-b285-b0416e2ea783" href="http://ewjirds.cluster100.hosting.ovh.net/wp-content/uploads/2025/09/ID-Patrimoine_BULLETIN-DINSCRIPTION-2025-2026.pdf">ID Patrimoine_BULLETIN D&rsquo;INSCRIPTION 2025-2026</a><a href="http://ewjirds.cluster100.hosting.ovh.net/wp-content/uploads/2025/09/ID-Patrimoine_BULLETIN-DINSCRIPTION-2025-2026.pdf" class="wp-block-file__button wp-element-button" download aria-describedby="wp-block-file--media-329088e0-fb95-4e81-b285-b0416e2ea783">Télécharger</a></div>
</details>



<p><mark style="background-color:rgba(0, 0, 0, 0);color:#5dbdc1" class="has-inline-color"><strong>30 avril – date limite d’envoi des projets</strong><br></mark><strong>Remplir et renvoyer le projet ET la fiche de renseignements</strong> à concours@id-patrimoine.fr<br>Les indications que vous mentionnez dans la fiche de renseignements nous permettent de mieux comprendre vos motivations, le contexte de travail, les difficultés rencontrées, etc.</p>



<details class="wp-block-details is-layout-flow wp-block-details-is-layout-flow"><summary><strong>Fiche de Renseignement à joindre IMPÉRATIVEMENT </strong>avec votre projet</summary>
<div data-wp-interactive="core/file" class="wp-block-file"><object data-wp-bind--hidden="!state.hasPdfPreview" hidden class="wp-block-file__embed" data="http://ewjirds.cluster100.hosting.ovh.net/wp-content/uploads/2025/09/ID-Patrimoine_FICHE-DE-RENSEIGNEMENTS-2025-2026.pdf" type="application/pdf" style="width:100%;height:600px" aria-label="Contenu embarqué ID Patrimoine_FICHE DE RENSEIGNEMENTS 2025-2026."></object><a id="wp-block-file--media-5f4f812c-0179-46f1-8549-c44acae8cf2b" href="http://ewjirds.cluster100.hosting.ovh.net/wp-content/uploads/2025/09/ID-Patrimoine_FICHE-DE-RENSEIGNEMENTS-2025-2026.pdf">ID Patrimoine_FICHE DE RENSEIGNEMENTS 2025-2026</a><a href="http://ewjirds.cluster100.hosting.ovh.net/wp-content/uploads/2025/09/ID-Patrimoine_FICHE-DE-RENSEIGNEMENTS-2025-2026.pdf" class="wp-block-file__button wp-element-button" download aria-describedby="wp-block-file--media-5f4f812c-0179-46f1-8549-c44acae8cf2b">Télécharger</a></div>
</details>



<p><mark style="background-color:rgba(0, 0, 0, 0);color:#5dbdc1" class="has-inline-color"><strong>Mai / Juin –Délibération du jury</strong><br></mark><strong>Un membre de la Fédération Patrimoine Environnement ou de l’Union REMPART vous informe de votre Prix.</strong> Vous convenez ensemble d’une date de remise de prix selon les disponibilités de l’équipe enseignante, des élèves et des représentants du concours.</p>



<p><mark style="background-color:rgba(0, 0, 0, 0);color:#5dbdc1" class="has-inline-color"><strong>Juin / Juillet – Remises des prix</strong><br></mark><strong>L’établissement organise la remise de prix </strong>en présence des partenaires ayant participé au projet avec les représentants nationaux et locaux des organisateurs ainsi que des élus locaux et de la presse locale.</p>



<p></p>

<p>Modalités de participation Le concours est ouvert aux élèves de collège et lycée (filières générales, techniques, professionnelles ou agricoles), de toutes les académies de France métropolitaine et des territoires d’outre-mer,&hellip;</p>
