{"id":196,"date":"2025-09-14T02:01:30","date_gmt":"2025-09-14T02:01:30","guid":{"rendered":"http:\/\/ewjirds.cluster100.hosting.ovh.net\/?page_id=196"},"modified":"2025-09-14T18:06:28","modified_gmt":"2025-09-14T18:06:28","slug":"laureats-2024","status":"publish","type":"page","link":"http:\/\/ewjirds.cluster100.hosting.ovh.net\/index.php\/laureats-2024\/","title":{"rendered":"2024"},"content":{"rendered":"\n<p><mark style=\"background-color:rgba(0, 0, 0, 0);color:#009986\" class=\"has-inline-color\"><strong>Laur\u00e9ats de l&rsquo;\u00e9dition 2023-2024<\/strong><\/mark><\/p>\n\n\n\n<p>Le jury, tenu le 6 juin 2024, est compos\u00e9 de membres de la F\u00e9d\u00e9ration Patrimoine-Environnement : Julie Refour , coordinatrice, Christine Bru (Vice-pr\u00e9sidente) et Fran\u00e7oise Pozzo di Borgo (Secr\u00e9taire g\u00e9n\u00e9rale adjointe), de Kl\u00e9ber Rossillon, pr\u00e9sident d\u2019honneur de Patrimoine-Environnement, d\u2019une membre de l\u2019Union REMPART, Ad\u00e8le Relouzat, charg\u00e9e de communication et responsable de la commission P\u00e9dagogie, de Justine Ferjoux pour les \u00c9ditions Faton et de Perrine Vigroux, Conseill\u00e8re Arts visuels et patrimoine, minist\u00e8re de l\u2019\u00c9ducation nationale et de la Jeunesse.<\/p>\n\n\n\n<p>Le jury remercie et f\u00e9licite tous les participants de cette premi\u00e8re \u00e9dition. Du coll\u00e8ge au lyc\u00e9e, les \u00e9l\u00e8ves ont su s\u2019approprier la notion de patrimoine et s\u2019emparer de leurs richesses locales pour les retranscrire dans un article ou un dossier de mise en valeur.<\/p>\n\n\n\n<div data-wp-interactive=\"core\/file\" class=\"wp-block-file\"><object data-wp-bind--hidden=\"!state.hasPdfPreview\" hidden class=\"wp-block-file__embed\" data=\"http:\/\/ewjirds.cluster100.hosting.ovh.net\/wp-content\/uploads\/2025\/09\/Magazine-ID.-Patrimoine-2024_compressed.pdf\" type=\"application\/pdf\" style=\"width:100%;height:600px\" aria-label=\"Contenu embarqu\u00e9 Magazine-ID.-Patrimoine-2024_compressed.\"><\/object><a id=\"wp-block-file--media-e6a18550-8155-440b-afc9-a058b13465cb\" href=\"http:\/\/ewjirds.cluster100.hosting.ovh.net\/wp-content\/uploads\/2025\/09\/Magazine-ID.-Patrimoine-2024_compressed.pdf\">Magazine-ID.-Patrimoine-2024_compressed<\/a><a href=\"http:\/\/ewjirds.cluster100.hosting.ovh.net\/wp-content\/uploads\/2025\/09\/Magazine-ID.-Patrimoine-2024_compressed.pdf\" class=\"wp-block-file__button wp-element-button\" download aria-describedby=\"wp-block-file--media-e6a18550-8155-440b-afc9-a058b13465cb\">T\u00e9l\u00e9charger<\/a><\/div>\n\n\n\n<p><mark style=\"background-color:rgba(0, 0, 0, 0);color:#009986\" class=\"has-inline-color\"><strong>Cat\u00e9gorie Reporter du patrimoine<\/strong><\/mark><\/p>\n\n\n\n<p>Prix Kl\u00e9ber Rossillon :<br><em><strong>Cure de jouvence pour le Parc des Sources<\/strong><\/em><strong>&nbsp;par les 4\u00e8me du Coll\u00e8ge Les C\u00e9lestins de Vichy<\/strong><\/p>\n\n\n\n<div data-wp-interactive=\"core\/file\" class=\"wp-block-file\"><object data-wp-bind--hidden=\"!state.hasPdfPreview\" hidden class=\"wp-block-file__embed\" data=\"http:\/\/ewjirds.cluster100.hosting.ovh.net\/wp-content\/uploads\/2025\/09\/Article_PARC-DES-SOURCES_PRIX-KLEBER-ROSSILLON.pdf\" type=\"application\/pdf\" style=\"width:100%;height:600px\" aria-label=\"Contenu embarqu\u00e9 Article_PARC-DES-SOURCES_PRIX-KLEBER-ROSSILLON.\"><\/object><a id=\"wp-block-file--media-d9a485e9-42c9-4e08-91e6-4c2d1eaeab77\" href=\"http:\/\/ewjirds.cluster100.hosting.ovh.net\/wp-content\/uploads\/2025\/09\/Article_PARC-DES-SOURCES_PRIX-KLEBER-ROSSILLON.pdf\">Article_PARC-DES-SOURCES_PRIX-KLEBER-ROSSILLON<\/a><a href=\"http:\/\/ewjirds.cluster100.hosting.ovh.net\/wp-content\/uploads\/2025\/09\/Article_PARC-DES-SOURCES_PRIX-KLEBER-ROSSILLON.pdf\" class=\"wp-block-file__button wp-element-button\" download aria-describedby=\"wp-block-file--media-d9a485e9-42c9-4e08-91e6-4c2d1eaeab77\">T\u00e9l\u00e9charger<\/a><\/div>\n\n\n\n<p>Prix Faton :<br><strong><strong><em>De Challans et Soullans, escapade dans le nord-ouest vend\u00e9en<\/em>&nbsp;par les 5\u00e8me et 4\u00e8me du Coll\u00e8ge Charles Milcendeau de Challans<\/strong><\/strong><\/p>\n\n\n\n<div data-wp-interactive=\"core\/file\" class=\"wp-block-file\"><object data-wp-bind--hidden=\"!state.hasPdfPreview\" hidden class=\"wp-block-file__embed\" data=\"http:\/\/ewjirds.cluster100.hosting.ovh.net\/wp-content\/uploads\/2025\/09\/Article_CHALLANS_PRIX-FATON.pdf\" type=\"application\/pdf\" style=\"width:100%;height:600px\" aria-label=\"Contenu embarqu\u00e9 Article_CHALLANS_PRIX-FATON.\"><\/object><a id=\"wp-block-file--media-df135b8d-cf79-4470-8b1e-66e187e5642f\" href=\"http:\/\/ewjirds.cluster100.hosting.ovh.net\/wp-content\/uploads\/2025\/09\/Article_CHALLANS_PRIX-FATON.pdf\">Article_CHALLANS_PRIX-FATON<\/a><a href=\"http:\/\/ewjirds.cluster100.hosting.ovh.net\/wp-content\/uploads\/2025\/09\/Article_CHALLANS_PRIX-FATON.pdf\" class=\"wp-block-file__button wp-element-button\" download aria-describedby=\"wp-block-file--media-df135b8d-cf79-4470-8b1e-66e187e5642f\">T\u00e9l\u00e9charger<\/a><\/div>\n\n\n\n<p><mark style=\"background-color:rgba(0, 0, 0, 0);color:#009986\" class=\"has-inline-color\"><strong>Cat\u00e9gorie&nbsp;Mise en valeur du patrimoine<\/strong><\/mark><\/p>\n\n\n\n<p>Prix REMPART&nbsp;:<br><strong><strong><strong>Projet de mise en valeur du patrimoine de la classe patrimoine du Lyc\u00e9e Eug\u00e8ne Guillaume de Montbard<\/strong><\/strong><\/strong><\/p>\n\n\n\n<div data-wp-interactive=\"core\/file\" class=\"wp-block-file\"><object data-wp-bind--hidden=\"!state.hasPdfPreview\" hidden class=\"wp-block-file__embed\" data=\"http:\/\/ewjirds.cluster100.hosting.ovh.net\/wp-content\/uploads\/2025\/09\/Dossier_MONTBARD_PRIX-REMPART.pdf\" type=\"application\/pdf\" style=\"width:100%;height:600px\" aria-label=\"Contenu embarqu\u00e9 Dossier_MONTBARD_PRIX-REMPART.\"><\/object><a id=\"wp-block-file--media-2a3142fc-04e8-42d5-a725-d6b3b2a4f868\" href=\"http:\/\/ewjirds.cluster100.hosting.ovh.net\/wp-content\/uploads\/2025\/09\/Dossier_MONTBARD_PRIX-REMPART.pdf\">Dossier_MONTBARD_PRIX-REMPART<\/a><a href=\"http:\/\/ewjirds.cluster100.hosting.ovh.net\/wp-content\/uploads\/2025\/09\/Dossier_MONTBARD_PRIX-REMPART.pdf\" class=\"wp-block-file__button wp-element-button\" download aria-describedby=\"wp-block-file--media-2a3142fc-04e8-42d5-a725-d6b3b2a4f868\">T\u00e9l\u00e9charger<\/a><\/div>\n\n\n\n<p>Prix d\u2019encouragement REMPART :<br><strong><strong><strong><em><strong>Pass\u00e9 riche, futur audacieux<\/strong><\/em><strong>&nbsp;par les 4\u00e8me&nbsp;SEGPA&nbsp;du Coll\u00e8ge Vivant Denon de Saint-Marcel<\/strong><\/strong><\/strong><\/strong><\/p>\n\n\n\n<div data-wp-interactive=\"core\/file\" class=\"wp-block-file\"><object data-wp-bind--hidden=\"!state.hasPdfPreview\" hidden class=\"wp-block-file__embed\" data=\"http:\/\/ewjirds.cluster100.hosting.ovh.net\/wp-content\/uploads\/2025\/09\/Dossier_ST-ROMAIN_PRIX-D-ENCOURAGEMENT.pdf\" type=\"application\/pdf\" style=\"width:100%;height:600px\" aria-label=\"Contenu embarqu\u00e9 Dossier_ST-ROMAIN_PRIX-D-ENCOURAGEMENT.\"><\/object><a id=\"wp-block-file--media-30cf8ff9-2aff-483e-81a8-c47eb0b61a35\" href=\"http:\/\/ewjirds.cluster100.hosting.ovh.net\/wp-content\/uploads\/2025\/09\/Dossier_ST-ROMAIN_PRIX-D-ENCOURAGEMENT.pdf\">Dossier_ST-ROMAIN_PRIX-D-ENCOURAGEMENT<\/a><a href=\"http:\/\/ewjirds.cluster100.hosting.ovh.net\/wp-content\/uploads\/2025\/09\/Dossier_ST-ROMAIN_PRIX-D-ENCOURAGEMENT.pdf\" class=\"wp-block-file__button wp-element-button\" download aria-describedby=\"wp-block-file--media-30cf8ff9-2aff-483e-81a8-c47eb0b61a35\">T\u00e9l\u00e9charger<\/a><\/div>\n","protected":false},"excerpt":{"rendered":"<p>Laur\u00e9ats de l&rsquo;\u00e9dition 2023-2024 Le jury, tenu le 6 juin 2024, est compos\u00e9 de membres de la F\u00e9d\u00e9ration Patrimoine-Environnement : Julie Refour , coordinatrice, Christine Bru (Vice-pr\u00e9sidente) et Fran\u00e7oise Pozzo&hellip;<\/p>\n","protected":false},"author":1,"featured_media":0,"parent":0,"menu_order":0,"comment_status":"closed","ping_status":"closed","template":"","meta":{"footnotes":""},"class_list":["post-196","page","type-page","status-publish","hentry"],"_links":{"self":[{"href":"http:\/\/ewjirds.cluster100.hosting.ovh.net\/index.php\/wp-json\/wp\/v2\/pages\/196","targetHints":{"allow":["GET"]}}],"collection":[{"href":"http:\/\/ewjirds.cluster100.hosting.ovh.net\/index.php\/wp-json\/wp\/v2\/pages"}],"about":[{"href":"http:\/\/ewjirds.cluster100.hosting.ovh.net\/index.php\/wp-json\/wp\/v2\/types\/page"}],"author":[{"embeddable":true,"href":"http:\/\/ewjirds.cluster100.hosting.ovh.net\/index.php\/wp-json\/wp\/v2\/users\/1"}],"replies":[{"embeddable":true,"href":"http:\/\/ewjirds.cluster100.hosting.ovh.net\/index.php\/wp-json\/wp\/v2\/comments?post=196"}],"version-history":[{"count":5,"href":"http:\/\/ewjirds.cluster100.hosting.ovh.net\/index.php\/wp-json\/wp\/v2\/pages\/196\/revisions"}],"predecessor-version":[{"id":230,"href":"http:\/\/ewjirds.cluster100.hosting.ovh.net\/index.php\/wp-json\/wp\/v2\/pages\/196\/revisions\/230"}],"wp:attachment":[{"href":"http:\/\/ewjirds.cluster100.hosting.ovh.net\/index.php\/wp-json\/wp\/v2\/media?parent=196"}],"curies":[{"name":"wp","href":"https:\/\/api.w.org\/{rel}","templated":true}]}}